{"id":857,"date":"2021-10-30T17:47:13","date_gmt":"2021-10-30T17:47:13","guid":{"rendered":"https:\/\/picospeci.si\/?page_id=857"},"modified":"2021-11-02T18:07:47","modified_gmt":"2021-11-02T17:07:47","slug":"priprava-najboljsega-testa-za-pico","status":"publish","type":"page","link":"https:\/\/picospeci.si\/?page_id=857","title":{"rendered":"PRIPRAVA NAJBOLJ\u0160EGA TESTA ZA PICO"},"content":{"rendered":"\n<figure class=\"wp-block-image size-full\"><img loading=\"lazy\" decoding=\"async\" width=\"960\" height=\"636\" src=\"https:\/\/picospeci.si\/wp-content\/uploads\/2021\/10\/testo2.jpg\" alt=\"\" class=\"wp-image-871\" srcset=\"https:\/\/picospeci.si\/wp-content\/uploads\/2021\/10\/testo2.jpg 960w, https:\/\/picospeci.si\/wp-content\/uploads\/2021\/10\/testo2-300x199.jpg 300w, https:\/\/picospeci.si\/wp-content\/uploads\/2021\/10\/testo2-768x509.jpg 768w, https:\/\/picospeci.si\/wp-content\/uploads\/2021\/10\/testo2-600x398.jpg 600w, https:\/\/picospeci.si\/wp-content\/uploads\/2021\/10\/testo2-242x160.jpg 242w, https:\/\/picospeci.si\/wp-content\/uploads\/2021\/10\/testo2-850x563.jpg 850w\" sizes=\"auto, (max-width: 960px) 100vw, 960px\" \/><\/figure>\n\n\n\n<pre id=\"tw-target-text\" class=\"wp-block-preformatted\"><strong>Peka s kvasom ni tako stra\u0161ljiva ali te\u017eka, da tudi Vi nebi mogli narediti doma pice, s super hrustljavo skorjo, v nekaj  minutah, brez dodatnih sestavin.\nTa recept za pico je preprost in dostopen, narejen iz navadne ve\u010dnamenske  moke.\n<\/strong>\n\n<\/pre>\n\n\n\n<h2 class=\"wp-block-heading\">POTREBNE SESTAVINE:<\/h2>\n\n\n\n<ul class=\"wp-block-list\"><li><strong>500 g moke<\/strong> (navadne tip 500-za mehkej\u0161o skorjo ali me\u0161anico 250g navadne tip 500 + 250g kru\u0161ne moke tip 850 za bolj hrustljavo zunanjost)<\/li><li><strong>1 kocka sve\u017eega kvasa<\/strong> (42g) ali <strong>1 zavoj\u010dek suhega kvasa<\/strong> (7g)<\/li><li><strong>1,5 male \u010dajne \u017eli\u010dke sladkorja<\/strong><\/li><li><strong>1 mala \u010dajna \u017eli\u010dka soli<\/strong><\/li><li><strong>2 \u017elici olivnega olja<\/strong><\/li><li><strong>2 dcl navadne tople vode<\/strong> (oziroma po ob\u010dutku)<\/li><\/ul>\n\n\n\n<h2 class=\"wp-block-heading\">NAVODILA ZA PRIPRAVO:<\/h2>\n\n\n\n<ul class=\"wp-block-list\"><li>V veliki posodi <strong>zme\u0161ajte polovico moke<\/strong>, kvas, sladkor in sol<\/li><li>Dodajte <strong>olivno olje in vodo<\/strong> (<strong>voda ne sme biti prevro\u010da<\/strong>, sicer lahko ubijete kvas), ter z leseno \u017elico dobro pome\u0161ajte<\/li><li>Postopoma dodajajte \u0161e <strong>preostalo moko<\/strong> (lahko, da boste morali dodati \u0161e <strong>dodatno mok<\/strong>o). Me\u0161ajte, dokler se testo ne oblikuje v kohezivno, <strong>elasti\u010dno kroglo<\/strong> in se za\u010dne odmikati od stranic sklede. Testo bo \u0161e vedno <strong>rahlo lepljivo<\/strong>, vendar ga lahko \u0161e vedno upravljate (gnetete) z rokami.<\/li><li>Lo\u010deno pripravite veliko, \u010disto skledo in jo obilno <strong>pokapajte z olivnim oljem<\/strong> in nama\u017eite tudi stene sklede s \u010dopi\u010dem ali pa si pomagajte z <strong>rokami<\/strong>.<\/li><li>Roke rahlo potresite z moko in iz testa <strong>oblikujte kroglo<\/strong>, katero prenesite v skledo pomazano z olivnim oljem. Testo z rokami <strong>valjajte<\/strong> po stenah sklede, dokler ne bo vse testo premazano z olivnim oljem. Skledo<strong> tesno povijte<\/strong> s plasti\u010dno folijo in postavite na<strong> toplo.<\/strong><\/li><li>Pustite, da testo vzhaja vsaj <strong>30min<\/strong>, oziroma, dokler se ne <strong>podvoji<\/strong>.<\/li><li>Ko je testo vzhajalo, ga<strong> ne\u017eno prenesite<\/strong> na <strong>rahlo pomokano<\/strong> povr\u0161ino. Na kratko ga <strong>pregnetite<\/strong> do gladkega (3-5x).<\/li><li>Z rokami ali valjarjem <strong>razvaljajte testo<\/strong> v krog premera pribli\u017eno <strong>30cm<\/strong>.<\/li><li>testo prenesite na <strong>dobro pomokan<\/strong> inox lopar za kru\u0161no pe\u010d in stisnite ali rahlo <strong>prepognite robove<\/strong>, da dobite rob.<\/li><li>Po vrhu pice <strong>pokapajte<\/strong> olivno olje in ga razma\u017eite po vsej povr\u0161ini, <strong>tudi skorji<\/strong>.<\/li><li>Testo za pico <strong>nadevajte<\/strong> po Va\u0161ih \u017eeljah in \u017ee je pripravljena za v <strong>kru\u0161no pe\u010d.<\/strong><\/li><\/ul>\n\n\n\n<div class=\"wp-block-image\"><figure class=\"aligncenter size-full\"><img loading=\"lazy\" decoding=\"async\" width=\"960\" height=\"720\" src=\"https:\/\/picospeci.si\/wp-content\/uploads\/2021\/10\/picapecena.jpg\" alt=\"\" class=\"wp-image-881\" srcset=\"https:\/\/picospeci.si\/wp-content\/uploads\/2021\/10\/picapecena.jpg 960w, https:\/\/picospeci.si\/wp-content\/uploads\/2021\/10\/picapecena-300x225.jpg 300w, https:\/\/picospeci.si\/wp-content\/uploads\/2021\/10\/picapecena-768x576.jpg 768w, https:\/\/picospeci.si\/wp-content\/uploads\/2021\/10\/picapecena-600x450.jpg 600w, https:\/\/picospeci.si\/wp-content\/uploads\/2021\/10\/picapecena-213x160.jpg 213w, https:\/\/picospeci.si\/wp-content\/uploads\/2021\/10\/picapecena-850x638.jpg 850w\" sizes=\"auto, (max-width: 960px) 100vw, 960px\" \/><figcaption><strong>DOBER TEK!<\/strong><\/figcaption><\/figure><\/div>\n","protected":false},"excerpt":{"rendered":"<p>Peka s kvasom ni tako stra\u0161ljiva ali te\u017eka, da tudi Vi nebi mogli narediti doma pice, s super hrustljavo skorjo, v nekaj minutah, brez dodatnih sestavin. Ta recept za pico je preprost in dostopen, narejen iz navadne ve\u010dnamenske moke. POTREBNE SESTAVINE: 500 g moke (navadne tip 500-za mehkej\u0161o skorjo ali me\u0161anico 250g navadne tip 500 [&hellip;]<\/p>\n","protected":false},"author":1,"featured_media":0,"parent":0,"menu_order":0,"comment_status":"closed","ping_status":"closed","template":"","meta":{"footnotes":""},"class_list":["post-857","page","type-page","status-publish","hentry"],"_links":{"self":[{"href":"https:\/\/picospeci.si\/index.php?rest_route=\/wp\/v2\/pages\/857","targetHints":{"allow":["GET"]}}],"collection":[{"href":"https:\/\/picospeci.si\/index.php?rest_route=\/wp\/v2\/pages"}],"about":[{"href":"https:\/\/picospeci.si\/index.php?rest_route=\/wp\/v2\/types\/page"}],"author":[{"embeddable":true,"href":"https:\/\/picospeci.si\/index.php?rest_route=\/wp\/v2\/users\/1"}],"replies":[{"embeddable":true,"href":"https:\/\/picospeci.si\/index.php?rest_route=%2Fwp%2Fv2%2Fcomments&post=857"}],"version-history":[{"count":16,"href":"https:\/\/picospeci.si\/index.php?rest_route=\/wp\/v2\/pages\/857\/revisions"}],"predecessor-version":[{"id":1085,"href":"https:\/\/picospeci.si\/index.php?rest_route=\/wp\/v2\/pages\/857\/revisions\/1085"}],"wp:attachment":[{"href":"https:\/\/picospeci.si\/index.php?rest_route=%2Fwp%2Fv2%2Fmedia&parent=857"}],"curies":[{"name":"wp","href":"https:\/\/api.w.org\/{rel}","templated":true}]}}